{"id":11,"date":"2013-04-16T13:49:43","date_gmt":"2013-04-16T11:49:43","guid":{"rendered":"http:\/\/kulturakademin.se\/stornila\/?page_id=11"},"modified":"2013-09-13T11:49:07","modified_gmt":"2013-09-13T09:49:07","slug":"om-stor-nilaprojektet","status":"publish","type":"page","link":"https:\/\/kulturakademin.se\/stornila\/om-stor-nilaprojektet\/","title":{"rendered":"Om Stor-Nilaprojektet"},"content":{"rendered":"<p><strong>Elever fr\u00e5n Sameskolan i T\u00e4rnaby har m\u00e5lat sina egna versioner av Ume\u00e5 2014 logo. En av dessa (ned till v\u00e4nster) har valts ut f\u00f6r att representera Sameskolan p\u00e5 Stor-Nilaaffischen. KulturAkademins styrelse beslut motiverades av bilden inneh\u00e5ller b\u00e5de logon och de traditionella samiska f\u00e4rgerna. Den var ocks\u00e5 b\u00e5de grafisk och enkel. Perfekt f\u00f6r en affisch. Bilden ritades av Naimi Kr\u00e5ik.\u00a0<\/strong><\/p>\n<p><a href=\"http:\/\/kulturakademin.se\/stornila\/wp-content\/uploads\/sites\/20\/2013\/04\/DSC_0841liten.jpg\"><img loading=\"lazy\" decoding=\"async\" class=\"alignnone  wp-image-33\" alt=\"DSC_0841liten\" src=\"http:\/\/kulturakademin.se\/stornila\/wp-content\/uploads\/sites\/20\/2013\/04\/DSC_0841liten-300x232.jpg\" width=\"240\" height=\"186\" srcset=\"https:\/\/kulturakademin.se\/stornila\/wp-content\/uploads\/sites\/20\/2013\/04\/DSC_0841liten-300x232.jpg 300w, https:\/\/kulturakademin.se\/stornila\/wp-content\/uploads\/sites\/20\/2013\/04\/DSC_0841liten.jpg 328w\" sizes=\"(max-width: 240px) 100vw, 240px\" \/><\/a> <a href=\"http:\/\/kulturakademin.se\/stornila\/wp-content\/uploads\/sites\/20\/2013\/04\/DSC_0844liten.jpg\"><img loading=\"lazy\" decoding=\"async\" class=\"alignnone  wp-image-36\" alt=\"DSC_0844liten\" src=\"http:\/\/kulturakademin.se\/stornila\/wp-content\/uploads\/sites\/20\/2013\/04\/DSC_0844liten-300x210.jpg\" width=\"240\" height=\"168\" srcset=\"https:\/\/kulturakademin.se\/stornila\/wp-content\/uploads\/sites\/20\/2013\/04\/DSC_0844liten-300x210.jpg 300w, https:\/\/kulturakademin.se\/stornila\/wp-content\/uploads\/sites\/20\/2013\/04\/DSC_0844liten.jpg 335w\" sizes=\"(max-width: 240px) 100vw, 240px\" \/><\/a> <a href=\"http:\/\/kulturakademin.se\/stornila\/wp-content\/uploads\/sites\/20\/2013\/04\/DSC_0842liten.jpg\"><img loading=\"lazy\" decoding=\"async\" class=\"alignnone  wp-image-34\" alt=\"DSC_0842liten\" src=\"http:\/\/kulturakademin.se\/stornila\/wp-content\/uploads\/sites\/20\/2013\/04\/DSC_0842liten-300x231.jpg\" width=\"240\" height=\"185\" srcset=\"https:\/\/kulturakademin.se\/stornila\/wp-content\/uploads\/sites\/20\/2013\/04\/DSC_0842liten-300x231.jpg 300w, https:\/\/kulturakademin.se\/stornila\/wp-content\/uploads\/sites\/20\/2013\/04\/DSC_0842liten.jpg 388w\" sizes=\"(max-width: 240px) 100vw, 240px\" \/><\/a> <a href=\"http:\/\/kulturakademin.se\/stornila\/wp-content\/uploads\/sites\/20\/2013\/04\/DSC_0843liten.jpg\"><img loading=\"lazy\" decoding=\"async\" class=\"alignnone  wp-image-35\" alt=\"DSC_0843liten\" src=\"http:\/\/kulturakademin.se\/stornila\/wp-content\/uploads\/sites\/20\/2013\/04\/DSC_0843liten-300x203.jpg\" width=\"240\" height=\"162\" srcset=\"https:\/\/kulturakademin.se\/stornila\/wp-content\/uploads\/sites\/20\/2013\/04\/DSC_0843liten-300x203.jpg 300w, https:\/\/kulturakademin.se\/stornila\/wp-content\/uploads\/sites\/20\/2013\/04\/DSC_0843liten.jpg 409w\" sizes=\"(max-width: 240px) 100vw, 240px\" \/><\/a>\u00a0<img loading=\"lazy\" decoding=\"async\" class=\"wp-image-32 alignleft\" alt=\"DSC_0840liten\" src=\"http:\/\/kulturakademin.se\/stornila\/wp-content\/uploads\/sites\/20\/2013\/04\/DSC_0840liten-300x203.jpg\" width=\"240\" height=\"162\" srcset=\"https:\/\/kulturakademin.se\/stornila\/wp-content\/uploads\/sites\/20\/2013\/04\/DSC_0840liten-300x203.jpg 300w, https:\/\/kulturakademin.se\/stornila\/wp-content\/uploads\/sites\/20\/2013\/04\/DSC_0840liten.jpg 370w\" sizes=\"(max-width: 240px) 100vw, 240px\" \/><\/p>\n","protected":false},"excerpt":{"rendered":"<p>Elever fr\u00e5n Sameskolan i T\u00e4rnaby har m\u00e5lat sina egna versioner av Ume\u00e5 2014 logo. En av dessa (ned till v\u00e4nster) har valts ut f\u00f6r att representera Sameskolan p\u00e5 Stor-Nilaaffischen. KulturAkademins styrelse beslut motiverades av bilden inneh\u00e5ller b\u00e5de logon och de traditionella samiska f\u00e4rgerna. Den var ocks\u00e5 b\u00e5de grafisk och enkel. Perfekt f\u00f6r en affisch. Bilden [&hellip;]<\/p>\n","protected":false},"author":1,"featured_media":0,"parent":0,"menu_order":0,"comment_status":"closed","ping_status":"closed","template":"","meta":{"_genesis_hide_title":false,"_genesis_hide_breadcrumbs":false,"_genesis_hide_singular_image":false,"_genesis_hide_footer_widgets":false,"_genesis_custom_body_class":"","_genesis_custom_post_class":"","_genesis_layout":"","footnotes":""},"featured_image_src":null,"featured_image_src_square":null,"_links":{"self":[{"href":"https:\/\/kulturakademin.se\/stornila\/wp-json\/wp\/v2\/pages\/11"}],"collection":[{"href":"https:\/\/kulturakademin.se\/stornila\/wp-json\/wp\/v2\/pages"}],"about":[{"href":"https:\/\/kulturakademin.se\/stornila\/wp-json\/wp\/v2\/types\/page"}],"author":[{"embeddable":true,"href":"https:\/\/kulturakademin.se\/stornila\/wp-json\/wp\/v2\/users\/1"}],"replies":[{"embeddable":true,"href":"https:\/\/kulturakademin.se\/stornila\/wp-json\/wp\/v2\/comments?post=11"}],"version-history":[{"count":21,"href":"https:\/\/kulturakademin.se\/stornila\/wp-json\/wp\/v2\/pages\/11\/revisions"}],"predecessor-version":[{"id":138,"href":"https:\/\/kulturakademin.se\/stornila\/wp-json\/wp\/v2\/pages\/11\/revisions\/138"}],"wp:attachment":[{"href":"https:\/\/kulturakademin.se\/stornila\/wp-json\/wp\/v2\/media?parent=11"}],"curies":[{"name":"wp","href":"https:\/\/api.w.org\/{rel}","templated":true}]}}

<p><strong>Elever från Sameskolan i Tärnaby har målat sina egna versioner av Umeå 2014 logo. En av dessa (ned till vänster) har valts ut för att representera Sameskolan på Stor-Nilaaffischen. KulturAkademins styrelse beslut motiverades av bilden innehåller både logon och de traditionella samiska färgerna. Den var också både grafisk och enkel. Perfekt för en affisch. Bilden ritades av Naimi Kråik. </strong></p>
<p><a href="http://kulturakademin.se/stornila/wp-content/uploads/sites/20/2013/04/DSC_0841liten.jpg"><img loading="lazy" decoding="async" class="alignnone  wp-image-33" alt="DSC_0841liten" src="http://kulturakademin.se/stornila/wp-content/uploads/sites/20/2013/04/DSC_0841liten-300x232.jpg" width="240" height="186" srcset="https://kulturakademin.se/stornila/wp-content/uploads/sites/20/2013/04/DSC_0841liten-300x232.jpg 300w, https://kulturakademin.se/stornila/wp-content/uploads/sites/20/2013/04/DSC_0841liten.jpg 328w" sizes="(max-width: 240px) 100vw, 240px" /></a> <a href="http://kulturakademin.se/stornila/wp-content/uploads/sites/20/2013/04/DSC_0844liten.jpg"><img loading="lazy" decoding="async" class="alignnone  wp-image-36" alt="DSC_0844liten" src="http://kulturakademin.se/stornila/wp-content/uploads/sites/20/2013/04/DSC_0844liten-300x210.jpg" width="240" height="168" srcset="https://kulturakademin.se/stornila/wp-content/uploads/sites/20/2013/04/DSC_0844liten-300x210.jpg 300w, https://kulturakademin.se/stornila/wp-content/uploads/sites/20/2013/04/DSC_0844liten.jpg 335w" sizes="(max-width: 240px) 100vw, 240px" /></a> <a href="http://kulturakademin.se/stornila/wp-content/uploads/sites/20/2013/04/DSC_0842liten.jpg"><img loading="lazy" decoding="async" class="alignnone  wp-image-34" alt="DSC_0842liten" src="http://kulturakademin.se/stornila/wp-content/uploads/sites/20/2013/04/DSC_0842liten-300x231.jpg" width="240" height="185" srcset="https://kulturakademin.se/stornila/wp-content/uploads/sites/20/2013/04/DSC_0842liten-300x231.jpg 300w, https://kulturakademin.se/stornila/wp-content/uploads/sites/20/2013/04/DSC_0842liten.jpg 388w" sizes="(max-width: 240px) 100vw, 240px" /></a> <a href="http://kulturakademin.se/stornila/wp-content/uploads/sites/20/2013/04/DSC_0843liten.jpg"><img loading="lazy" decoding="async" class="alignnone  wp-image-35" alt="DSC_0843liten" src="http://kulturakademin.se/stornila/wp-content/uploads/sites/20/2013/04/DSC_0843liten-300x203.jpg" width="240" height="162" srcset="https://kulturakademin.se/stornila/wp-content/uploads/sites/20/2013/04/DSC_0843liten-300x203.jpg 300w, https://kulturakademin.se/stornila/wp-content/uploads/sites/20/2013/04/DSC_0843liten.jpg 409w" sizes="(max-width: 240px) 100vw, 240px" /></a> <img loading="lazy" decoding="async" class="wp-image-32 alignleft" alt="DSC_0840liten" src="http://kulturakademin.se/stornila/wp-content/uploads/sites/20/2013/04/DSC_0840liten-300x203.jpg" width="240" height="162" srcset="https://kulturakademin.se/stornila/wp-content/uploads/sites/20/2013/04/DSC_0840liten-300x203.jpg 300w, https://kulturakademin.se/stornila/wp-content/uploads/sites/20/2013/04/DSC_0840liten.jpg 370w" sizes="(max-width: 240px) 100vw, 240px" /></p>

<p>Elever från Sameskolan i Tärnaby har målat sina egna versioner av Umeå 2014 logo. En av dessa (ned till vänster) har valts ut för att representera Sameskolan på Stor-Nilaaffischen. KulturAkademins styrelse beslut motiverades av bilden innehåller både logon och de traditionella samiska färgerna. Den var också både grafisk och enkel. Perfekt för en affisch. Bilden [&hellip;]</p>
